{"id":99,"date":"2021-02-12T21:08:45","date_gmt":"2021-02-12T21:08:45","guid":{"rendered":"https:\/\/hausteam.net\/?page_id=99"},"modified":"2021-05-02T09:51:23","modified_gmt":"2021-05-02T09:51:23","slug":"hausverwaltung","status":"publish","type":"page","link":"https:\/\/hausteam.net\/?page_id=99","title":{"rendered":"Hausverwaltung"},"content":{"rendered":"\n<hr class=\"wp-block-separator\"\/>\n\n\n\n<p><\/p>\n\n\n\n<div class=\"wp-block-group\"><div class=\"wp-block-group__inner-container\">\n<figure class=\"wp-block-image is-resized is-style-default\"><img loading=\"lazy\" src=\"https:\/\/hausteam.net\/wp-content\/uploads\/2021\/02\/icon-Hausverwaltung-1.png\" alt=\"Hausverwaltung\" class=\"wp-image-25\" width=\"101\" height=\"101\"\/><\/figure>\n\n\n\n<h2 class=\"has-large-font-size\"><strong><span style=\"color:#e30713\" class=\"has-inline-color\">Ihre Liegenschaft &#8211; unsere Verwaltung!<\/span><\/strong><br>Ganzheitlich und unsere Herzangelegenheit.<\/h2>\n\n\n\n<figure class=\"wp-block-image size-large is-style-default\"><img loading=\"lazy\" width=\"1024\" height=\"683\" src=\"https:\/\/hausteam.net\/wp-content\/uploads\/2021\/03\/stay-home-concept-wooden-table-side-view-hand-holding-wooden-cube-1-1024x683.png\" alt=\"\" class=\"wp-image-232\" srcset=\"https:\/\/hausteam.net\/wp-content\/uploads\/2021\/03\/stay-home-concept-wooden-table-side-view-hand-holding-wooden-cube-1-1024x683.png 1024w, https:\/\/hausteam.net\/wp-content\/uploads\/2021\/03\/stay-home-concept-wooden-table-side-view-hand-holding-wooden-cube-1-300x200.png 300w, https:\/\/hausteam.net\/wp-content\/uploads\/2021\/03\/stay-home-concept-wooden-table-side-view-hand-holding-wooden-cube-1-768x512.png 768w, https:\/\/hausteam.net\/wp-content\/uploads\/2021\/03\/stay-home-concept-wooden-table-side-view-hand-holding-wooden-cube-1-1536x1024.png 1536w, https:\/\/hausteam.net\/wp-content\/uploads\/2021\/03\/stay-home-concept-wooden-table-side-view-hand-holding-wooden-cube-1.png 1575w\" sizes=\"(max-width: 1024px) 100vw, 1024px\" \/><\/figure>\n\n\n\n<p class=\"has-text-color\" style=\"color:#e30713\">Ihre pers\u00f6nliche Hausverwaltung. Daf\u00fcr tun wir alles!<\/p>\n\n\n\n<p class=\"has-black-color has-text-color\" style=\"font-size:14px\">Bei uns sind Sie immer richtig. Von einzelnen Wohnungen im Bereich der Sondereigentumsverwaltung bis zu gro\u00dfen Liegenschaften, verwalten wir f\u00fcr Sie Ihre Immobilie. Die ganzheitliche Bewirtschaftung und Entwicklung von Ihrer Immobilie ist unsere St\u00e4rke und Kompetenz von HauSTeam. Daher sind wir von HauSTeam ein Komplettanbieter f\u00fcr wohnungsnahen Service in Schleswig, Angeln und Umgebung zu Hause.<\/p>\n\n\n\n<p class=\"has-text-color has-normal-font-size\" style=\"color:#e30713\">Ein auf Sie abgestimmtes Leistungspaket!<\/p>\n\n\n\n<p style=\"font-size:14px\">Von der klassischen Hausverwaltung bis zur strategischen Objektentwicklung bieten wir Ihnen ein auf Ihre Bed\u00fcrfnisse zugeschnittenes Leistungspaket. Neben der ganzheitlichen Bewirtschaftung Ihrer Immobilie bieten wir Ihnen bei Bedarf gerne auch einzelne Teilleistungen, wie z. B. die Erstellung der Betriebskostenabrechnung, an. Selbstverst\u00e4ndlich k\u00f6nnen wir Sie auch bei umfangreichen Modernisierungsma\u00dfnahmen begleiten, Ihnen bei der Mietersuche behilflich sein oder Mieterh\u00f6hungen f\u00fcr Sie umsetzen.<\/p>\n\n\n\n<p style=\"font-size:14px\">Die Betreuung Ihrer Immobilie, beispielsweise eines Mehrfamilienhauses, erfolgt mit professioneller Software und Technik. Sie d\u00fcrfen von HauSTeam erwarten, dass wir Ihr Eigentum umfassend verwalten. Dies umfasst selbstverst\u00e4ndlich eine pers\u00f6nliche Betreuung der jeweiligen Mieterinnen und Mieter.<\/p>\n\n\n\n<p style=\"font-size:14px\">Bei Instandhaltungen und Instandsetzungen setzen wir von HauSTeam auf vern\u00fcnftige L\u00f6sungen und eine sinnvolle Vernetzung der Gewerke, damit die Kosten f\u00fcr die Eigent\u00fcmer m\u00f6glichst reduziert werden und die Belastungen f\u00fcr den Mieter m\u00f6glichst gering ausfallen. Im Regelfall holen wir Angebote von Fachfirmen ein (dabei greifen wir Ihre Empfehlungen gern auf) und pr\u00fcfen diese sorgf\u00e4ltig. Auf Wunsch er\u00f6rtern wir die L\u00f6sungen gern mit Ihnen zusammen. Sie k\u00f6nnen derartige T\u00e4tigkeiten selbstverst\u00e4ndlich auch vollends in unsere H\u00e4nde legen.<\/p>\n\n\n\n<p style=\"font-size:14px\">Im direkten Kontakt mit den Mietern k\u00f6nnen zudem Probleme umgehend beseitigt und Fragestellungen beantwortet werden.<\/p>\n\n\n\n<p style=\"font-size:14px\">In der Vergangenheit konnten wir auf diesem Wege zufriedene Mieter gewinnen, die sich in der jeweiligen Hausgemeinschaft wohlf\u00fchlen und sich vertrauensvoll an uns wenden. <strong>Fordern Sie gern weitere Informationen und Referenzen an.<\/strong><\/p>\n\n\n\n<p><\/p>\n<\/div><\/div>\n\n\n\n<p class=\"has-text-color has-normal-font-size\" style=\"color:#e30713\">Aktuelle Vertr\u00e4ge und geschultes Personal.<\/p>\n\n\n\n<p style=\"font-size:14px\">Unsere Mietvertr\u00e4ge werden mit unserem Partner \u201eHaus &amp; Grund\u201c stets an die aktuelle Rechtsprechung angepasst. Dabei werden auch die neuesten Entscheidungen des BGH ber\u00fccksichtigt. Wir von HauSTeam sind auch im Umgang mit schwierigen Situationen geschult. Unser oberstes Ziel dabei ist die Zufriedenheit der Mieter und Eigent\u00fcmer, sowie die Vermeidung von Rechtstreitigkeiten und Folgekosten.<\/p>\n\n\n\n<p class=\"has-text-color has-normal-font-size\" style=\"color:#e30713\">Erstellung von Abrechnungen.<\/p>\n\n\n\n<p style=\"font-size:14px\">Wir erstellen \u00fcbersichtliche und nachvollziehbare Abrechnungen f\u00fcr Ihre Mieter. Auch als Eigent\u00fcmer erhalten Sie eine entsprechende Hausabrechnung, bei der Sie auf einen Blick erkennen k\u00f6nnen, wie es um Ihre Immobilie bestellt ist.<\/p>\n\n\n\n<p class=\"has-text-color has-normal-font-size\" style=\"color:#e30713\">Durchf\u00fchrung von Objektbegehungen.<\/p>\n\n\n\n<p style=\"font-size:14px\">HauSTeam unterst\u00fctzt Sie als Eigent\u00fcmer mit einer j\u00e4hrlichen Begehung und Protokollierung einer Vielzahl von Pr\u00fcfpunkten eines gemeinsam abgestimmten Pr\u00fcfungskataloges. Wir erstellen auf Wunsch auch eine umfangreiche Fotodokumentation. Nach Abschluss der Pr\u00fcfung erhalten Sie als Eigent\u00fcmer die entsprechenden Pr\u00fcfungs- und Begehungsprotokolle. Auf Wunsch erstellen wir Ihnen auch gleich einen entsprechenden Kostenvoranschlag zur Beseitigung der M\u00e4ngel.<\/p>\n\n\n\n<p class=\"has-text-color has-normal-font-size\" style=\"color:#e30713\">Sprechen Sie uns an:<\/p>\n\n\n\n<p style=\"font-size:14px\"><strong><strong>Immobilienverwaltung HauSTeam<\/strong><\/strong><br>Kim St\u00fchmer<br>Telefon (04622) 328 99 89<br><a rel=\"noreferrer noopener\" href=\"mailto:info@hausteam.net\" target=\"_blank\">info[at]hausteam.net<\/a><\/p>\n\n\n\n<p><\/p>\n","protected":false},"excerpt":{"rendered":"<p>Aktuelle Vertr\u00e4ge und geschultes Personal. Unsere Mietvertr\u00e4ge werden mit unserem Partner \u201eHaus &amp; Grund\u201c stets an die aktuelle Rechtsprechung angepasst. Dabei werden auch die neuesten Entscheidungen des BGH ber\u00fccksichtigt. Wir von HauSTeam sind auch im &hellip; <a href=\"https:\/\/hausteam.net\/?page_id=99\">Weiterlesen &rarr;<\/a><\/p>\n","protected":false},"author":2,"featured_media":0,"parent":0,"menu_order":0,"comment_status":"closed","ping_status":"closed","template":"","meta":[],"_links":{"self":[{"href":"https:\/\/hausteam.net\/index.php?rest_route=\/wp\/v2\/pages\/99"}],"collection":[{"href":"https:\/\/hausteam.net\/index.php?rest_route=\/wp\/v2\/pages"}],"about":[{"href":"https:\/\/hausteam.net\/index.php?rest_route=\/wp\/v2\/types\/page"}],"author":[{"embeddable":true,"href":"https:\/\/hausteam.net\/index.php?rest_route=\/wp\/v2\/users\/2"}],"replies":[{"embeddable":true,"href":"https:\/\/hausteam.net\/index.php?rest_route=%2Fwp%2Fv2%2Fcomments&post=99"}],"version-history":[{"count":40,"href":"https:\/\/hausteam.net\/index.php?rest_route=\/wp\/v2\/pages\/99\/revisions"}],"predecessor-version":[{"id":399,"href":"https:\/\/hausteam.net\/index.php?rest_route=\/wp\/v2\/pages\/99\/revisions\/399"}],"wp:attachment":[{"href":"https:\/\/hausteam.net\/index.php?rest_route=%2Fwp%2Fv2%2Fmedia&parent=99"}],"curies":[{"name":"wp","href":"https:\/\/api.w.org\/{rel}","templated":true}]}}