{"id":258,"date":"2021-03-27T09:52:32","date_gmt":"2021-03-27T09:52:32","guid":{"rendered":"https:\/\/hausteam.net\/?page_id=258"},"modified":"2021-05-02T09:51:49","modified_gmt":"2021-05-02T09:51:49","slug":"energiemanagement","status":"publish","type":"page","link":"https:\/\/hausteam.net\/?page_id=258","title":{"rendered":"Energiemanagement"},"content":{"rendered":"\n<hr class=\"wp-block-separator\"\/>\n\n\n\n<p style=\"font-size:14px\"><strong>Strom, Gas, W\u00e4rme, Wasser: Energie z\u00e4hlt auch zu den Aufgaben von HauSTeam. <\/strong>\u00dcber \u00f6kologisch bewusste W\u00e4rmeversorgung hinaus bieten wir Ihnen vielf\u00e4ltige Produkte und Dienstleistungen mit Partnern aus der Region. Nat\u00fcrlich auch mit unseren Abrechnungsservice f\u00fcr Heiz- und Betriebskosten sowie die Vermittlung von Messger\u00e4ten.<\/p>\n\n\n\n<figure class=\"wp-block-image size-large is-resized is-style-default\"><img loading=\"lazy\" src=\"https:\/\/hausteam.net\/wp-content\/uploads\/2021\/03\/energy-efficiency-5973716-1024x640.jpg\" alt=\"\" class=\"wp-image-259\" width=\"581\" height=\"363\" srcset=\"https:\/\/hausteam.net\/wp-content\/uploads\/2021\/03\/energy-efficiency-5973716-1024x640.jpg 1024w, https:\/\/hausteam.net\/wp-content\/uploads\/2021\/03\/energy-efficiency-5973716-300x187.jpg 300w, https:\/\/hausteam.net\/wp-content\/uploads\/2021\/03\/energy-efficiency-5973716-768x480.jpg 768w, https:\/\/hausteam.net\/wp-content\/uploads\/2021\/03\/energy-efficiency-5973716-1536x960.jpg 1536w, https:\/\/hausteam.net\/wp-content\/uploads\/2021\/03\/energy-efficiency-5973716-2048x1280.jpg 2048w\" sizes=\"(max-width: 581px) 100vw, 581px\" \/><\/figure>\n\n\n\n<p class=\"has-text-color has-normal-font-size\" style=\"color:#e30713\">Heiz- und Betriebskosten Ger\u00e4temanagement<\/p>\n\n\n\n<p style=\"font-size:14px\">Bei Bedarf statten wir Ihr Objekt mit moderner Funkmesstechnik aus, um die korrekte verbrauchsabh\u00e4ngige Erfassung der Energie zu gew\u00e4hrleisten. Mit den installierten Ger\u00e4ten ist ein Zugang zu den Wohnungen und Gewerbeeinheiten nicht mehr erforderlich, da diese \u00fcber Fernauslesung verwaltet werden.<\/p>\n\n\n\n<p style=\"font-size:14px\">Auch installieren und warten wir Ihre Rauchwarnmelder \u2013 hierzu sind Sie als Eigent\u00fcmer gesetzlich verpflichtet &#8211; und k\u00fcmmern uns um eine protokollierte, regelm\u00e4\u00dfige Kontrolle.<\/p>\n\n\n\n<p class=\"has-text-color has-normal-font-size\" style=\"color:#e30713\">Heiz- und Betriebskosten Abrechnungsservice<\/p>\n\n\n\n<p style=\"font-size:14px\">Die erfassten Werte verwenden wir f\u00fcr die gesetzlich vorgeschriebene Heiz- und Betriebskostenabrechnung. Eine Individuelle Betrachtung der Verbr\u00e4uche ist somit auch f\u00fcr den Vermieter m\u00f6glich. Die Mieter erhalten einen \u00dcberblick und haben die M\u00f6glichkeit, das eigene Verbrauchsverhalten nachzuvollziehen und ggf. zu \u00e4ndern.<\/p>\n\n\n\n<p class=\"has-text-color\" style=\"color:#e30713\">Stromtarif<\/p>\n\n\n\n<p style=\"font-size:14px\">HauSTeam kann \u00fcber regionale Kooperationspartner g\u00fcnstige Stromtarife und Konditionen anbieten. Diese sind in der Regel g\u00fcnstigere Konditionen als der \u00f6rtliche Grundversorger \u2013 sprechen Sie uns f\u00fcr ein individuelles Angebot gern an.<\/p>\n\n\n\n<p class=\"has-text-color\" style=\"color:#e30713\">Verkehrssicherungspflichten! <strong>Immer auf Nummer Sicher!<\/strong><\/p>\n\n\n\n<p style=\"font-size:14px\">Die Verkehrssicherungspflicht einer Immobilie und des Grundst\u00fccks obliegt dem Geb\u00e4udeeigent\u00fcmer. Stolperkanten, lose Ziegel oder wackelige Gel\u00e4nder bringen Menschen in Gefahr. HauSTeam unterst\u00fctzt Sie als Eigent\u00fcmer mit einer j\u00e4hrlichen Begehung und Protokollierung einer Vielzahl von Pr\u00fcfpunkten eines gemeinsam abgestimmten Pr\u00fcfungskataloges. Nach Abschluss der Pr\u00fcfung erhalten Sie als Eigent\u00fcmer die entsprechenden <a href=\"https:\/\/hausteam.net\/?page_id=99\" target=\"_blank\" rel=\"noreferrer noopener\">Pr\u00fcfungs- und Begehungsprotokolle<\/a>. Auf Wunsch erstellen wir Ihnen auch gleich einen entsprechenden Kostenvoranschlag zur Beseitigung der M\u00e4ngel. <\/p>\n\n\n\n<p class=\"has-text-color has-normal-font-size\" style=\"color:#e30713\">Sprechen Sie uns an:<\/p>\n\n\n\n<p style=\"font-size:14px\"><strong><strong>Immobilienverwaltung HauSTeam<\/strong><\/strong><br>Kim St\u00fchmer<br>Telefon (04622) 328 99 89<br><a rel=\"noreferrer noopener\" href=\"mailto:info@hausteam.net\" target=\"_blank\">info[at]hausteam.net<\/a><\/p>\n","protected":false},"excerpt":{"rendered":"<p>Strom, Gas, W\u00e4rme, Wasser: Energie z\u00e4hlt auch zu den Aufgaben von HauSTeam. \u00dcber \u00f6kologisch bewusste W\u00e4rmeversorgung hinaus bieten wir Ihnen vielf\u00e4ltige Produkte und Dienstleistungen mit Partnern aus der Region. Nat\u00fcrlich auch mit unseren Abrechnungsservice f\u00fcr &hellip; <a href=\"https:\/\/hausteam.net\/?page_id=258\">Weiterlesen &rarr;<\/a><\/p>\n","protected":false},"author":2,"featured_media":0,"parent":0,"menu_order":0,"comment_status":"closed","ping_status":"closed","template":"","meta":[],"_links":{"self":[{"href":"https:\/\/hausteam.net\/index.php?rest_route=\/wp\/v2\/pages\/258"}],"collection":[{"href":"https:\/\/hausteam.net\/index.php?rest_route=\/wp\/v2\/pages"}],"about":[{"href":"https:\/\/hausteam.net\/index.php?rest_route=\/wp\/v2\/types\/page"}],"author":[{"embeddable":true,"href":"https:\/\/hausteam.net\/index.php?rest_route=\/wp\/v2\/users\/2"}],"replies":[{"embeddable":true,"href":"https:\/\/hausteam.net\/index.php?rest_route=%2Fwp%2Fv2%2Fcomments&post=258"}],"version-history":[{"count":8,"href":"https:\/\/hausteam.net\/index.php?rest_route=\/wp\/v2\/pages\/258\/revisions"}],"predecessor-version":[{"id":400,"href":"https:\/\/hausteam.net\/index.php?rest_route=\/wp\/v2\/pages\/258\/revisions\/400"}],"wp:attachment":[{"href":"https:\/\/hausteam.net\/index.php?rest_route=%2Fwp%2Fv2%2Fmedia&parent=258"}],"curies":[{"name":"wp","href":"https:\/\/api.w.org\/{rel}","templated":true}]}}